 286 - -327. Is x a composite number?
False
Let d(c) = c**3 - 10*c**2 + 13*c - 13. Let t be 6/4*(-7 + 13). Is d(t) a prime number?
True
Suppose 2*l - 26 = 4*l. Let i = 18 - l. Is i a prime number?
True
Suppose r - 1180 = -3*r + 2*l, -r - 2*l = -285. Is r composite?
False
Is (-56770)/(-50) - 2/5 composite?
True
Let k(z) = z**2 + z + 191. Is k(0) a composite number?
False
Suppose 0 = c - 6*c + 380. Let v be (0 - 0)*(-10 + 9). Suppose 4*a - 56 = h, -4*a + v*a - 4*h + c = 0. Is a a prime number?
False
Let x(k) = -32*k + 1. Suppose 3*h + 0*h + 3 = 0. Is x(h) composite?
True
Let m(v) = -v**3 - 6*v**2 - 5*v + 7. Let l(a) = -a**3 + 5*a**2. Let r be l(5). Suppose r = 2*h - h + 5. Is m(h) a composite number?
False
Let n be 0/((-10 + 1)/3). Suppose 4*p + 164 = -n*p. Let f = 65 - p. Is f composite?
True
Suppose 0 = 2*g + v - 13, 2*v + 5 = 3*g - 4. Suppose -g*c + 1293 = 4*x, -c = -x - 0*c + 312. Is x prime?
True
Suppose 2*f - 3315 - 2615 = 0. Is f prime?
False
Suppose r + z - 3 = -2*z, 4*r - 12 = -3*z. Suppose 2*k - r*i - 275 = 0, 0 = 2*k - 4*k + 4*i + 278. Is k a prime number?
False
Let m(b) = b**2 - 3*b + 1847. Is m(0) prime?
True
Let a = -1083 + 1642. Is a a prime number?
False
Suppose 0 - 2 = -t. Let h = t - 7. Is (-37)/3*(2 + h) a composite number?
False
Suppose 2*q - 53 = -2*s + 33, 0 = 5*s + 25. Is (5 - 4)*(q - 1) a prime number?
True
Suppose 2*r = 3*k + 12, r - 5*k = -r + 20. Suppose 2*g - g - 47 = r. Suppose -5*f - 104 = -3*a - a, 4*f - g = -a. Is a prime?
True
Suppose 219 = 5*k - 2166. Suppose 2*t - f - 195 = 116, 2*f = -3*t + k. Is t a prime number?
True
Let p = -421 + 622. Is p composite?
True
Let n = 241 + 90. Is n a composite number?
False
Suppose 327 = 5*r - 2703. Let p = 166 + 31. Suppose 3*u - v = r, -u + 2*v = -0*u - p. Is u a composite number?
True
Let b = -20 - -47. Suppose 5*j - 90 = -5*d, 4*d = 2*d + j + b. Is d a prime number?
False
Let w(p) = -29*p + 2. Let h(n) = -3*n. Let j be h(1). Is w(j) a composite number?
False
Suppose 5*a + 1381 = 3*b, 2*b - 2351 = -3*b - 4*a. Is b a composite number?
False
Let o = 445 + -72. Is o a prime number?
True
Suppose -2*f = 2*x - 2816, x - 2*f - 1405 = -6*f. Is x a prime number?
True
Suppose -17 - 30 = -a. Suppose 4*k - 60 = -4*d, -5*k - d + a = -20. Is k prime?
True
Suppose -4*g + 2*f - 1758 = 0, -8*g = -3*g - 3*f + 2196. Let j = 652 + g. Is j a composite number?
False
Let u = -380 + 687. Is u a composite number?
False
Let z be (10 - 6) + (-1 - 0). Suppose z*g - 3*u - 867 = 0, -2*g - 302 = 4*u - 892. Is g a composite number?
True
Let k(i) = 4*i**2 + 3*i + 18. Is k(8) prime?
False
Let t(h) be the third derivative of h**5/60 + h**4/24 + 7*h**3/6 - 4*h**2. Is t(0) a composite number?
False
Let c(t) = -2*t**3 - 7*t**2 - 7*t - 15. Let y(h) = h**3 + 4*h**2 + 4*h + 8. Let a(x) = -4*c(x) - 7*y(x). Let w be a(0). Is (-8)/(-4)*46/w composite?
False
Suppose 0 = 3*g - 12, 3*f - g - 158 - 102 = 0. Suppose -p + 23 = 2*t, f = 5*p + 5*t - 7. Is p a composite number?
True
Let g be 1 - (-2 - -45 - -1). Suppose 0 = -m + 40 + 40. Let k = m + g. Is k prime?
True
Suppose -2*j - 2*y = -22, -4*y + 3*y + 5 = 0. Let h(v) = -v**3 + 7*v**2 - v + 1. Is h(j) prime?
True
Let i(x) = 4*x**2 + 43*x - 3. Is i(16) a prime number?
True
Let m(x) = -422*x - 7. Is m(-3) prime?
True
Let n(p) = -57*p - 5. Is n(-2) a composite number?
False
Suppose -5*i - 1 + 4 = -3*k, k = -2*i + 10. Suppose i*z + 3 = 9. Is z a prime number?
True
Let j = 20 + 65. Let g = -48 + j. Is g a composite number?
False
Is 1/(11050/(-3685) - -3) a prime number?
False
Let v(k) = -2*k + 9. Is v(-5) a prime number?
True
Let c(h) = -h**2 - 2*h. Let b be c(-2). Let t = -2 + b. Is (1 + (-5)/2)*t prime?
True
Suppose s - 83 = 2*l, -5*s + 3*l + 550 = 107. Is s prime?
False
Let z = -14 - -20. Suppose -v = v - z. Suppose -2*q = -2*n + 4*n - 298, 5*n - v*q = 713. Is n composite?
True
Suppose 0 = 2*p - 7 - 5. Let a(b) = 5*b**2 - 8*b - 1. Is a(p) composite?
False
Is 493 - 0 - 0*(-1)/4 a prime number?
False
Suppose -2*f - 94 = -4*f. Let d be ((-27)/(-18))/((-1)/(-2)). Suppose -f = -2*t - d. Is t a composite number?
True
Is (-26 - -1)*-2 - 4 a composite number?
True
Suppose 3*p - 5*o - 89 = 0, 3*p + 2*o - 4*o = 77. Suppose -3*y = 2*y - 440. Suppose -p = -h + y. Is h a composite number?
True
Let c = -2 + 8. Let n(q) = q**3 - 5*q**2 - 3. Is n(c) a composite number?
True
Let r be (3/(-3))/(3/(-6)). Suppose 3*k - r*v - 1001 = 0, 7*v - 2*v - 699 = -2*k. Is k prime?
True
Suppose -4434 = -10*r + 4636. Is r a composite number?
False
Let c = 3415 + -2244. Is c a prime number?
True
Suppose 0 = -5*p - 2*a + 287, 0*p - 3*a + 47 = p. Is p composite?
False
Let n be (3 - 2) + 1 - 8. Let y be (8/n)/((-2)/3). Suppose -97 = -y*m + m. Is m a composite number?
False
Let r be 4/(-6) + (-968)/(-3). Suppose o + 0*o + r = 0. Is o/(-4) + (-3)/2 prime?
True
Suppose 6*f - 20 = f. Suppose -5*j - g = -212, -5*j - f*g = -2*g - 209. Is j a prime number?
True
Suppose 3*w = -0*w + 90. Let x = 125 - w. Is x a prime number?
False
Let h = -870 - -1499. Is h a composite number?
True
Let i(h) = -2*h**3 - 9*h**2 - 17*h + 3. Is i(-8) prime?
True
Let c be (-301)/(-2) - (-5)/(-10). Let l = -19 + c. Is l a composite number?
False
Let v(u) = u**3 - u**3 - 2*u**3 + u**2. Is v(-1) prime?
True
Let z = 150 - 41. Is z a prime number?
True
Let o(d) be the second derivative of -d**3 - 5/2*d**2 + 1/2*d**4 + 0 + 1/20*d**5 - 3*d. Is o(-4) composite?
True
Let y(n) = 33*n**3 - 2*n**2 - 2*n - 2. Let t be y(3). Let u = t - 422. Is u a prime number?
True
Suppose -5*c = 2*q - 16, 5*c + q - 15 = 3. Suppose -c = 3*v - 5*v. Is v/3*1176/16 composite?
True
Suppose 2*o - 63 - 1319 = 0. Is o composite?
False
Let o = -131 - -218. Is o composite?
True
Suppose 4*v - 4*g = -236, 2*g - 140 = 3*v + 34. Suppose 3*f - 135 = -4*h - 0*f, 5*f = -2*h + 71. Let n = h - v. Is n composite?
False
Suppose u = -2*u + 6. Let a(n) = -20 - 2*n + 3*n**u + n - 2*n**2 + 109. Is a(0) prime?
True
Suppose -3 - 5 = -v. Suppose -18 = 3*n - 78. Suppose 2*x - n = v. Is x a prime number?
False
Let t(r) = 7*r**2 + 3*r + 1. Is t(-6) a composite number?
True
Suppose -3*i + 5 = -10. Suppose 5*a - 2*a + 426 = i*c, -3*a = -9. Is c composite?
True
Let q be 0 + -2 + -1 + 1. Let m = q + -4. Is 7*-3*14/m prime?
False
Let i(s) = 32*s - 49. Is i(12) prime?
False
Let g = 151 - 62. Is g composite?
False
Suppose 166 = y - j, -2*y = y + j - 502. Let w be 2/(-10) + 32/10. Suppose -56 + y = w*v. Is v a prime number?
True
Let y(z) = -z**3 - 2*z**2 + 4*z + 4. Let t be y(-3). Is 1/t - 0 - -144 a prime number?
False
Suppose -c = -0*c - 643. Let d = -359 + c. Suppose -d = -3*n + 79. Is n composite?
True
Is ((-446)/(-6))/(10/30) a prime number?
True
Is ((-4)/(4/419))/(-1) prime?
True
Suppose -q = -0*q + 2. Is (-2 + 1 + -69)/q a prime number?
False
Suppose 3*h = 2*m - 0 + 15, 3*m + 15 = 3*h. Suppose 0 = -h*p - 0*p + 15. Suppose 2*n - 90 - 11 = b, -p*n + 162 = -5*b. Is n a prime number?
False
Let q = -294 - -971. Is q a composite number?
False
Suppose -3*c + 1050 = 4*t - 173, 3*c = t - 302. Is t a composite number?
True
Suppose -r = 5*d - 16120, 4*d + 5*r - 2*r - 12907 = 0. Is d a composite number?
True
Suppose 0 = -8*r + 7*r + 143. Is r prime?
False
Let k(w) = 41*w**2 + 4*w - 2. Let p be k(-3). Suppose -j - 358 = -4*j + l, -3*j = 2*l - p. Is j a composite number?
True
Let j(o) = 4 - 2 - 4*o - 15*o + 2*o**2 + 2. Is j(13) prime?
False
Let b(k) = 25*k**2 - 2*k - 3. Let g be (-1)/(-2)*4 - 4. Let c be b(g). Let i = -68 + c. Is i prime?
False
Suppose 3*x - 321 = 6*a - 5*a, a + 109 = x. Is x a composite number?
True
Let h(f) = f**2 - f. Let x be h(2). Let q(a) = a**2 + 8*a + 7. Let g be q(-7). Suppose n + x*n - 285 = g. Is n a prime number?
False
Let f(i) = -i**3 - 6*i**2 + 2*i - 2. Let w be f(-6). Let x be (-1)/(w/6 - -2). Suppose -5*g + 78 = -x*g. Is g composite?
True
Suppose 0 = 3*q - 2*j + 16, 2*q - q = 2*j. Suppose 0 = 5*c + 3*r - 203, -5*c + 3*c + 4*r + 76 = 0. Is (6/q)/((-2)/c) composite?
True
Suppose -3*t + 0*t + 12 = 0. Suppose 0 = t*w + x - 120, 4*w = -3*x + 165 - 53. Is w a prime number?
True
Let v be -3 - (0 + (-3)/1). Let b(c) = -c**3 + c**2 + c + 13. Is b(v) a prime number?
True
Let s(i) = -7*i - 1. Let l(w) = w + 5. Let z be l(-4). Let p be s(z). Is (-1)/2 + (-36)/p prime?
False
Suppose 4*m 